*g - 9. Calculate p(14).
33
Let o(w) = 2*w**3 - 4*w**2 + w + 2. Calculate o(2).
4
Let z(i) = -i**3 - 14*i**2 - 2*i - 25. Determine z(-14).
3
Let a(s) = s**3 - 5*s**2 + 9*s + 1. What is a(4)?
21
Let p(l) = 7*l + 57. Determine p(-11).
-20
Let u(v) = -v - 7. Give u(0).
-7
Let m(v) = v**2 + 9*v - 61. Determine m(-15).
29
Let f(m) = m**2 + m - 13. Calculate f(7).
43
Let l(z) = 19*z + 121. What is l(-7)?
-12
Let n(u) = u**3 - 4*u**2 + 3*u + 2. Determine n(3).
2
Let p(s) = 4*s + 27. Calculate p(-7).
-1
Let k(b) = 5*b - 11. Calculate k(-10).
-61
Let r(h) = -7*h**3 + 2*h**2 - 2*h + 6. Determine r(2).
-46
Let g(j) = -j**2 - 5. Determine g(4).
-21
Let l(f) = -f**3 + 11*f**2 - 16*f + 12. Calculate l(6).
96
Let m(d) = 2*d - 39. Give m(11).
-17
Let n(f) = 5*f**2 + f - 1. What is n(-1)?
3
Let a(m) = 207*m + 818. Calculate a(-4).
-10
Let q(z) = -z**3 + 9*z**2 - 9*z + 14. What is q(9)?
-67
Let q(n) = -4*n - 18. Calculate q(10).
-58
Let u(n) = -8*n - 84. What is u(-9)?
-12
Let c(r) = -12*r - 3. Calculate c(4).
-51
Let z(y) = -y**3 + 6*y**2 - 7*y - 16. Calculate z(5).
-26
Let b(l) = -l**2 - 32*l - 88. Calculate b(-30).
-28
Let z(m) = -20*m - 100. Give z(-5).
0
Let m(v) = 4*v - 11. What is m(7)?
17
Let o(w) = w**2 + 21*w - 99. Calculate o(-25).
1
Let c(d) = -2*d**2 - 11*d - 10. Determine c(-7).
-31
Let f(t) = 15*t - 5. Determine f(-3).
-50
Let b(d) = -7*d**2 - 6*d + 3. Determine b(1).
-10
Let r(p) = -p**2 + 10*p + 8. Determine r(8).
24
Let j(a) = 2*a**2 - 23*a - 13. Calculate j(14).
57
Let s(y) = 2*y + 7. Determine s(0).
7
Let n(o) = -o + 54. Give n(-31).
85
Let i(c) = c - 1. Give i(-4).
-5
Let b(l) = 16*l - 2. Give b(2).
30
Let l(m) = m**2 + 2*m - 1. What is l(1)?
2
Let j(b) = -b + 2. What is j(6)?
-4
Let r(o) = o**2 + 3*o - 8. What is r(-5)?
2
Let c(z) = -2*z + 13. Determine c(-8).
29
Let q(j) = j**3 - 9*j**2 + 8*j + 11. Determine q(9).
83
Let f(a) = -16*a - 1. Determine f(-5).
79
Let u(c) = -3*c - 13. Calculate u(-5).
2
Let n(y) = y**3 + y**2 + 11. Determine n(0).
11
Let c(i) = -2*i**2 - 41*i + 80. Give c(-23).
-35
Let p(u) = 18*u - 83. Give p(5).
7
Let g(q) = q**2 - 60*q + 874. Give g(24).
10
Let w(i) = -25*i**3 + 2*i**2 - 3*i + 1. Give w(1).
-25
Let j(z) = 27*z**3 + 2*z**2 - 1. Determine j(1).
28
Let l(r) = -r + 31. Give l(5).
26
Let i(l) = l**3 + l**2 - 6*l - 11. Give i(-4).
-35
Let n(h) = -h**2 + 3*h + 65. Determine n(6).
47
Let r(d) = -12*d + 214. What is r(18)?
-2
Let v(a) = -a**2 + 23*a - 1. Determine v(23).
-1
Let o(u) = -u**3 + 5*u**2 + 6*u - 5. Calculate o(5).
25
Let b(j) = j**2 + 22*j + 92. Determine b(-7).
-13
Let h(n) = 9*n - 38. Give h(5).
7
Let m(u) = -u**3 + 6*u**2 + 2*u - 12. Determine m(6).
0
Let a(p) = -16*p - 5. What is a(3)?
-53
Let d(q) = -75*q + 150. Calculate d(2).
0
Let t(f) = 10*f**2 + 6*f - 4. Determine t(2).
48
Let f(m) = -m**3 - 7*m**2 - 3*m + 9. Give f(-4).
-27
Let l(q) = q**3 - 7*q**2 + 9*q - 4. Give l(6).
14
Let k(w) = w**3 - 6*w**2 + 9*w - 9. Determine k(5).
11
Let u(l) = l**2 - 14*l - 47. Give u(17).
4
Let m(t) = t**2 + 9*t + 12. What is m(-11)?
34
Let q(s) = -5*s**2 + 3*s - 1. Calculate q(3).
-37
Let y(p) = -p**2 - 37*p - 98. What is y(-34)?
4
Let k(y) = -y**3 + 3*y**2 - 2*y - 9. Give k(3).
-15
Let w(r) = 6*r**2 + 3*r - 3. Give w(3).
60
Let p(z) = 5*z + 79. What is p(-15)?
4
Let c(f) = f**2 - 9*f + 2. What is c(4)?
-18
Let b(c) = -c**2 + 15*c + 7. What is b(10)?
57
Let l(w) = -w**3 - 10*w**2 - 9*w + 8. What is l(-9)?
8
Let c(o) = -7*o - 6. Give c(-4).
22
Let v(y) = -2*y**2 - 31*y - 109. Determine v(-11).
-10
Let m(f) = f**2 - 7*f + 21. Give m(5).
11
Let h(v) = v**2 - 12*v - 23. What is h(14)?
5
Let h(o) = o + 7. Calculate h(7).
14
Let o(n) = -8*n**2 - 4*n + 6. Calculate o(1).
-6
Let n(s) = s + 1. Calculate n(5).
6
Let n(c) = 12*c + 1. Calculate n(-7).
-83
Let l(j) = 2*j**3 + j**2 - 3*j + 1. What is l(2)?
15
Let p(h) = -h**3 + 12*h**2 - 21*h - 18. Calculate p(8).
70
Let d(o) = -o + 19. Give d(6).
13
Let j(b) = -b**3 + 2*b - 2. Calculate j(2).
-6
Let p(n) = n**2 - n + 13. What is p(0)?
13
Let c(l) = 9*l - 16. What is c(2)?
2
Let q(b) = 8*b - 12. Determine q(-22).
-188
Let i(h) = -h**3 - 2*h**2 + h - 8. Give i(0).
-8
Let v(q) = q**3 - 7*q**2 - 10*q + 3. What is v(8)?
-13
Let q(i) = i**2 - 16*i + 3. What is q(16)?
3
Let b(k) = 2*k**3 - k**2 - 3*k + 3. Determine b(4).
103
Let j(a) = a**3 + 16*a**2 - 8*a - 33. Determine j(-16).
95
Let y(x) = -x**2 - 14*x - 15. What is y(-10)?
25
Let h(q) = 13*q**2 - q - 2. Calculate h(2).
48
Let h(r) = 3*r**2 - 48*r - 35. What is h(17)?
16
Let t(i) = -i**2 - 19*i - 50. Give t(-5).
20
Let n(i) = -i**3 + 2*i**2 - 8*i - 13. What is n(-4)?
115
Let t(c) = c**3 - 7*c**2 + 13*c - 25. What is t(5)?
-10
Let j(d) = d**2 - 4*d + 5. Determine j(-4).
37
Let g(l) = l**3 + 11*l**2 + l. Give g(-11).
-11
Let c(z) = 2*z**2 - 29*z. Determine c(14).
-14
Let w(h) = h**2 - 12*h + 22. Give w(12).
22
Let u(t) = 42*t - 203. Calculate u(5).
7
Let i(l) = -l**3 + 14*l**2 + 16*l - 3. Calculate i(15).
12
Let w(s) = -s**2 + 3*s. What is w(-4)?
-28
Let a(d) = d**3 + 55*d**2 - d - 42. What is a(-55)?
13
Let v(s) = -s**2 - 33*s - 89. Determine v(-30).
1
Let x(j) = 12*j + 76. Calculate x(-6).
4
Let v(c) = -c**3 - 12*c**2 - 3*c - 26. Determine v(-12).
10
Let m(z) = -z**3 - 7*z**2 - 2*z + 27. What is m(-6)?
3
Let i(v) = -5*v**2 + 20*v + 3. Calculate i(4).
3
Let l(t) = t - 7. Determine l(4).
-3
Let j(o) = -o**3 + 6*o**2 + o + 4. What is j(6)?
10
Let r(g) = -8*g - 71. What is r(-9)?
1
Let g(i) = i**2 - 1. Give g(7).
48
Let u(r) = -r**2 - 3*r - 9. Calculate u(10).
-139
Let w(g) = g**3 - 14*g**2 + 25*g - 6. What is w(12)?
6
Let b(y) = -y**3 + 6*y**2 + 7*y + 4. What is b(7)?
4
Let r(y) = -2*y**3 + 3*y**2 - y - 1. Determine r(2).
-7
Let t(i) = i**3 + 3*i**2 - 6*i - 12. What is t(-5)?
-32
Let c(p) = -5*p**2 + 111*p - 31. Determine c(22).
-9
Let c(a) = -a**2 - 34*a - 282. Calculate c(-15).
3
Let n(k) = -k**2 - 5*k + 1. What is n(-6)?
-5
Let d(w) = -14*w**3 - w + 1. What is d(1)?
-14
Let r(z) = 3*z + 2. Determine r(-4).
-10
Let d(c) = -2*c**3 + c**2 - 3*c + 1. Calculate d(-3).
73
Let u(r) = -3*r - 28. Determine u(-9).
-1
Let z(a) = -7*a - 19. Give z(-3).
2
Let h(t) = t**3 + 2*t**2 - 4*t. What is h(-3)?
3
Let i(t) = 5*t + 2. Give i(3).
17
Let q(l) = -l**3 + 11*l**2 + 2*l - 15. Give q(11).
7
Let z(r) = 2*r**3 - 5*r**2 + 3*r + 21. What is z(0)?
21
Let d(t) = -8*t + 14. Calculate d(11).
-74
Let n(m) = -7*m**3 - 2*m**2 + 4*m + 5. Calculate n(-1).
6
Let i(c) = -c**2 - 8*c + 3. Calculate i(-9).
-6
Let x(j) = j**2 - 15*j - 1. Give x(14).
-15
Let h(t) = -9*t + 33. What is h(6)?
-21
Let b(k) = k**3 - 5*k**2 - 5*k + 3. What is b(6)?
9
Let f(o) = -o**3 - 14*o**2 + 169. Give f(-13).
0
Let d(x) = -2*x**2 + 31*x + 22. Determine d(16).
6
Let q(r) = -r**3 + 7*r**2 + 5*r + 1. Give q(8).
-23
Let t(h) = h**2 + 20*h - 18. What is t(-17)?
-69
Let t(v) = 5*v - 2. Determine t(1).
3
Let d(j) = j**3 - j. Determine d(0).
0
Let b(d) = 9*d**3 + d**2 - 1. Determine b(1).
9
Let u(c) = -c**3 + 12*c - 7. What is u(-4)?
9
Let f(d) = 11*d - 103. What is f(10)?
7
Let g(t) = -7*t - 18. What is g(-4)?
10
Let b(d) = -2*d**2 - 13*d - 12. What is b(-6)?
-6
Let f(q) = 29*q - 2. Calculate f(1).
27
Let t(m) = -2*m**2 + 56*m + 76. Calculate t(29).
18
Let k(h) = h**3 - 35*h**2 - 72*h - 75. What is k(37)?
-1
Let z(r) = r**2 - 10*r - 15. Calculate z(11).
-4
Let q(n) = n**3 + 17*n**2 - 19*n - 23. Give q(-18).
-5
Let v(o) = -o**2 - 34*o + 156. Determine v(-38).
4
Let s(k) = -k**2 - k + 20. Calculate s(8).
-52
Let r(b) = -b**2 - 16*b + 18. What is r(-17)?
1
Let j(w) = 3*w**2 - 43*w - 22. Give j(15).
8
Let o(u) = 5*u - 1. Give o(-1).
-6
Let g(l) = 7*l - 47. Determine g(3).
-26
Let k(c) = c**3 + c**2 + 3. What is k(0)?
3
Let g(y) = -y**2 + 3*y - 22. Give g(0).
-22
Let i(j) = j**2 - j - 4. Determine i(-5).
26
Let b(s) = -s**2 - s + 7. Calculate b(3).
-5
Let h(g) = -12*g**2 - 3*g - 4. Calculate h(-1).
-13
Let y(p) = -p**3 + 9*p**2 - 6*p + 5. What is y(7)?
61
Let a(v) = v - 6. Give a(9).
3
Let u(x) = x**2 - 24*x + 57. Give u(23).
34
Let i(c) = -c**3 - 8*c**2 - 7*c - 2. Calculate i(-6).
-32
Let p(z) = 6*z**3 - z. Determine p(1).
5
Let x(m) = -32*m - 69. Give x(-2).
-5
Let l(q) = -q**2 + 22*q + 3. What is l(20)?
43
Let g(n) = -2*n**2 + 4*n + 3. Calculate g(-2).
-13
Let f(l) = l**3 + 6*l**2 + 9*l